5*i + 27 + 23, 4*x + 4*i - 32 = 0. What is the greatest common factor of x and a?
10
Let h(d) be the first derivative of d**4/4 + d**3 - 3*d**2/2 + d - 2. Let b be h(2). What is the highest common divisor of 10 and b?
5
Suppose -9*f = -7*f - 48. Calculate the highest common factor of f and 8.
8
Suppose 9*h - 4*h = 0. Let v be 2 - (0 + h)/2. Suppose 0 = v*k - 2*b - 112, 0 = -4*k + b + 147 + 77. Calculate the greatest common factor of k and 14.
14
Let y be (-12)/(-30) + (-4)/10. Let x be (2 - y) + 4 + 22. What is the greatest common factor of x and 7?
7
Let y = -86 + 128. Let d be y/9*(-3)/(-1). Let a be ((-44)/3)/((-2)/21). What is the greatest common divisor of d and a?
14
Suppose 3*v + 0 = 3. What is the greatest common divisor of 9 and v?
1
Suppose -7 = -2*r + 2*v + v, -2*r - v = -3. Let z be 0 - -2 - (1 - r). Let d = -9 + 24. Calculate the highest common divisor of d and z.
3
Suppose 29 = 5*d - 31. Calculate the greatest common factor of d and 60.
12
Suppose 0 = 2*j + 2*j + 12. Let b be ((-22)/(-3))/(j/(-9)). Suppose o + 5 = 4*l, -3*l + 2 + 1 = -o. What is the highest common factor of l and b?
2
Let p be 6/21 + 935/35. Suppose 4*h - o - p = 0, 0*o + o + 35 = 5*h. Calculate the highest common factor of h and 2.
2
Suppose -4*m - 6 = -7*m. Let p(d) = 13*d**2 - 2. Let g be p(2). Suppose v + g = m*v. Calculate the highest common divisor of 10 and v.
10
Let j be 6*9/6 - 3. Calculate the highest common factor of 1 and j.
1
Let r(t) = 7*t**2. Let h be r(2). Suppose 0 = 4*m - 707 - 77. What is the greatest common divisor of h and m?
28
Let w(b) = -b**2 - 12*b - 9. Let c be w(-11). What is the greatest common factor of c and 6?
2
Suppose 4*w + 4*p + 8 = 0, -w - 3*p - 4 = -0. Let q be 1 + (17 - -3) + w. Calculate the highest common divisor of 4 and q.
4
Suppose -2*n - 4 = y - 15, -5 = y. What is the highest common divisor of 88 and n?
8
Let a = 23 + -17. Calculate the greatest common divisor of a and 15.
3
Suppose 141 = 4*t + s, 10*s = t + 5*s - 51. Calculate the greatest common divisor of t and 24.
12
Let t(c) = 4*c - 21. Let i be t(9). Calculate the highest common divisor of i and 105.
15
Suppose 0 = -3*i + 44 - 14. Suppose 5*u = -3*x + 17, -3*x + 12 = 4*u + x. Calculate the highest common divisor of u and i.
2
Let t(b) be the first derivative of b**4/4 + b**3 - 2*b**2 + 3*b + 3. Let o be t(2). Calculate the greatest common factor of o and 60.
15
Suppose -3*w - 30 = -8*w. Let c be 4*(-9)/w - -3. Let l be c/(-6) - 286/(-4). Calculate the highest common factor of 9 and l.
9
Suppose y - 3*n + 2*n - 13 = 0, 0 = -2*y + n + 31. Calculate the highest common factor of 18 and y.
18
Let g = -10 - -15. Suppose -4*h = -h - 75. Calculate the greatest common divisor of h and g.
5
Let k(a) = a**2 - 2*a + 3. Let b be k(3). Let r be 21*(1 + (-2)/b). What is the greatest common factor of r and 42?
14
Let r be 12/15*(-5)/(-2). Suppose 0*m - r*m + 990 = 0. Suppose 2*y - m = -y. Calculate the greatest common divisor of 15 and y.
15
Let d(n) = n**2 + 8*n + 12. Let l be d(-5). Let g = 17 - l. Calculate the highest common divisor of g and 220.
20
Suppose -k + 7 + 15 = 0. Calculate the greatest common divisor of 4 and k.
2
Let n be -1 + 7 + 15/(-5). Let j be n/2*(-38)/(-3). What is the greatest common divisor of 19 and j?
19
Let n be ((-36)/(-10))/(21/140). Suppose -3*p = -7*p + 144. What is the highest common factor of p and n?
12
Let o = 29 + -22. Calculate the greatest common factor of 14 and o.
7
Suppose 5*u = 2*u + 12. Let g be (-18)/u*84/(-9). Calculate the highest common divisor of 63 and g.
21
Suppose z - 4*p - 71 = -13, 2*z - 96 = 3*p. Suppose -4*f + 21 = -3*h, 0*f - 4*h = f - 10. Calculate the highest common factor of z and f.
6
Suppose 5*b + 32 = 257. What is the highest common factor of b and 5?
5
Let h be (-3575)/(-169) - (-2)/(-13). Calculate the highest common factor of h and 105.
21
Suppose -2*x - 2*x + 24 = 0. Suppose 2*o + j + 26 = 83, -105 = -4*o - 5*j. Calculate the highest common factor of x and o.
6
Suppose -5*x + 2*p + 51 = -0*x, 0 = -x + 3*p + 18. Calculate the highest common divisor of 81 and x.
9
Let o = -2 + 16. Let p be 21/2 - 7/o. Suppose -3*x - p = -5*x. Calculate the highest common factor of 45 and x.
5
Let a(l) = -l**2 - 13*l + 10. Let i be a(-11). What is the greatest common factor of i and 16?
16
Let h = 1 - -12. Suppose 4*k - 127 - 445 = 0. What is the highest common divisor of k and h?
13
Let v(t) = -t**3 + 9*t**2 + 11*t + 1. Let n be v(10). What is the highest common divisor of 1 and n?
1
Let b = 248 - -125. Suppose -98 = 5*a - b. What is the greatest common divisor of a and 22?
11
Suppose -4*z = -2*z + 4*l - 24, -3*z = 4*l - 28. Calculate the highest common divisor of 1 and z.
1
Suppose -o = -10 - 0. Calculate the highest common divisor of o and 30.
10
Let x(u) = u**2 + u + 3. Let f be x(4). Let n = 39 - f. Let v be (-1 - -2)/(2/8). Calculate the highest common divisor of n and v.
4
Suppose -14*x = -15*x + 135. Let z = -70 + x. Let s be 1 + -2 + 9*3. Calculate the greatest common factor of s and z.
13
Let a(w) = -5*w. Let o be a(-1). Suppose 13 + 7 = 4*d. Suppose o*g = -d*s + 75, 2*g = g + 3. What is the greatest common factor of s and 36?
12
Suppose 0 = -3*u + 15 + 3. Let j be (-10)/u*(-6 - 9). Let n be 90/j + (-4)/(-10). What is the greatest common factor of 36 and n?
4
Let y = -79 + 121. What is the highest common factor of y and 63?
21
Let l = -12 - -17. Suppose 2*i + 3 = l*o, -o - 3*o = -2*i. Calculate the highest common factor of 6 and i.
6
Suppose -4*p - 2*q = p - 85, -2*q + 51 = 3*p. What is the greatest common divisor of p and 51?
17
Let f(g) = 133*g**2 + g - 1. Let p be (-1)/1*(-3)/1. Let l = 4 - p. Let v be f(l). What is the highest common divisor of v and 19?
19
Let o be ((-110)/(-11) - 6)*10/2. Let u(z) = 4*z + 9. Let x be u(7). Suppose 7 = -3*j + x. What is the greatest common factor of j and o?
10
Let c(g) = 42*g - 12. Let v be c(8). Suppose -j = -4*j + v. Let a = 39 + -27. Calculate the greatest common factor of j and a.
12
Let m(h) = 6*h**2 + 3. Let b be m(-3). Let v be (2/3)/(5/45). Let s be (19/(-3))/(v/(-18)). Calculate the greatest common divisor of s and b.
19
Let a(j) be the third derivative of j**5/60 - j**4/12 + j**2. Suppose 0 = y - 2*y - 4. Let b be a(y). What is the greatest common divisor of 36 and b?
12
Let o(t) = -4*t**2 - t. Let b be o(-1). Let y(d) = -6*d - 2. Let u be y(b). Calculate the greatest common factor of u and 32.
16
Suppose a = -2*d + 46, -275 = a - 6*a - d. Suppose -2*l = l. Suppose l = 3*r - 11 - 13. What is the greatest common divisor of a and r?
8
Suppose 0 = -2*p + 9 + 41. Calculate the greatest common divisor of p and 10.
5
Let k be 3/12*(-1 - -21). Calculate the greatest common divisor of 35 and k.
5
Suppose -12 = -0*n - 2*n. Calculate the greatest common factor of 9 and n.
3
Suppose -d = -5*x - 0*d + 155, -100 = -4*x - 4*d. Let g = 34 - 24. Calculate the greatest common divisor of x and g.
10
Let z be 0 - ((-3)/1 - -2). Let k(r) = -r**2 + 5*r + 3. Let n be k(5). Suppose -i + n*i - 2 = 0. What is the greatest common divisor of z and i?
1
Let z be ((-2)/(-6))/(7/483 + 0). Calculate the greatest common factor of 69 and z.
23
Suppose v = -14 - 11. Let a = v + 49. Let j(f) = -f + 60. Let z be j(0). What is the greatest common divisor of a and z?
12
Suppose 2*o + 2*k = 24, -31 = -3*o - 4*k - 0. Suppose -5*p + 4*p = -17. What is the greatest common factor of p and o?
17
Suppose -2*p - 15 = 3*m, -85 = 4*p - 7*m + 2*m. Suppose -c - 9 = -10. Let v be -1 - 1/c - p. Calculate the greatest common divisor of 13 and v.
13
Let v = 131 + -124. Let j = 25 + 256. Suppose -85 = 4*g - j. Calculate the highest common factor of g and v.
7
Suppose 5*c + 15 = 0, -2*c + 4*c - 276 = 2*w. Let u = w + 221. Suppose -2*r = -33 + 13. Calculate the highest common factor of r and u.
10
Let k = 100 + -68. Suppose -3*j - j = -556. Suppose -d + w - 193 = -5*d, 5*w = 3*d - j. What is the greatest common divisor of d and k?
16
Let j be (-150)/(-9)*36/8. Suppose 30 = 2*n - 0*n. What is the highest common divisor of n and j?
15
Suppose 4*f = f + 27. Let a be 6/f*-3 - -26. Let i be -10*11/(11/(-6)). What is the highest common factor of i and a?
12
Let y = 53 + -30. What is the highest common factor of 253 and y?
23
Let v(